- 8. Let z = 433 + -438. What is m(z)?
12
Let q(p) be the second derivative of 2*p + 0 + 1/2*p**2 - 5/6*p**3. Determine q(1).
-4
Let h(r) be the third derivative of r**4/4 - r**3/6 + r**2. Let g be 7*2 + -1 + -2. Suppose -4 + 29 = 5*o, -3*o = 4*k - g. Determine h(k).
-7
Let d(l) be the first derivative of l**4 - 2*l**3/3 - l**2/2 - 2*l + 85. Give d(2).
20
Let z(c) = -2 - 8 + 4 + 3 + c - 6. Calculate z(3).
-6
Let k = 125 - 128. Let t(l) = -8 - l**2 + 1 - 4*l + 6 - 2*l**2. Calculate t(k).
-16
Let s(j) = -j - 8. Let d(r) = 5*r + 38. Let a(p) = -2*d(p) - 9*s(p). Determine a(6).
-10
Suppose 3*m = -10 - 5. Suppose 5 = -4*y - y. Let k(n) = n + 1. Let f(u) = 2*u + 6. Let g(a) = y*f(a) + k(a). Give g(m).
0
Let k(z) = z - 7. Let b = -272 - -277. Determine k(b).
-2
Let t(x) = -x**3 + x**2 - 2. Let z = 8 + 0. Suppose 0 = -6*o + 5*o + z. Suppose -o*j + 7 + 9 = 0. Determine t(j).
-6
Let d(v) be the second derivative of -v**5/20 + v**4/2 - v**3/2 - 3*v**2/2 - v. Suppose -13269*y = -13276*y + 35. Determine d(y).
7
Let n = 104 - 99. Suppose -4*l + 4 = -4*x - 20, n*x = -4*l - 21. Let g(j) be the first derivative of -j**2/2 + 7*j + 1. What is g(x)?
12
Suppose 4 = 3*g - 5. Suppose -8*d + g*d - 15 = 0. Let n be (15/(-10))/(d/(-8)). Let u(o) = -o - 4. Determine u(n).
0
Let t(a) = a**2 - 17*a + 6. Let k(w) = 16*w**2 - 3*w + 4. Let p be k(1). Give t(p).
6
Let a(w) = -2*w + 1. Let s(k) = k**3 - 3*k**2 - 2*k. Let d be s(4). Let u be d + -9 + 5 + 0. Suppose -2*m - 2*z + 3 = 1, -5*m - u*z = -3. Determine a(m).
3
Let i be (3/(-9))/((-1)/3). Let n(k) = 6*k - 1. Let o(v) = -v + 1. Let b(s) = -n(s) - 2*o(s). Determine b(i).
-5
Let c be (-116)/(-28) + 3/(-21). Suppose c*g + 3*h = -7, -4*g + 0*h + 3 = h. Let j(i) = 2*i**3 - 3*i**3 - 47*i**2 + 2 - g*i + 44*i**2. Determine j(-3).
8
Let b(i) be the second derivative of -i**5/5 - i**3/6 - 505*i. What is b(-2)?
34
Let v(k) = -k**3 - k**2 - k - 3. Suppose 13*g + 61 = 12*g. Let t = 43 + g. Let i be (-2)/7 + t/(-63). Determine v(i).
-3
Let t be ((-3)/(-1))/((-2)/4 + 2). Let i(m) = -5 + 1 + m - 2*m**3 - t*m**2 + 7 - 4. Give i(-3).
32
Suppose h = 3, 5*i - 2*h + 1 = -0*i. Let k(r) = 2*r**3 + r**2 - 2*r + 1. What is k(i)?
2
Let s(x) = 6 + 0 + 2*x + 10. Let b be s(-8). Suppose 2*n - 12 + 38 = -5*a, 5*a - n + 32 = b. Let z(i) = -i - 4. Give z(a).
2
Let o(i) = -6*i + 12*i - 7*i + 9*i - 1. Calculate o(-2).
-17
Let s(l) = -3*l - 4. Let q be ((-3)/(-2))/(4/(-8)). What is s(q)?
5
Let y(t) be the third derivative of -1/6*t**3 + 2*t**2 + 0*t**4 - 1/20*t**5 + 0*t + 0. Give y(1).
-4
Let c(g) = 315*g - 610*g + 303*g + 3 + g**2. Determine c(-6).
-9
Let s(w) = -w**2 - 9*w + 1. Let x be s(-9). Let i(k) = -315*k - 1 + 2 - k**2 + 315*k. Let l(b) = -7*b**2 - 7*b + 1. Let n(q) = x*l(q) - 5*i(q). Determine n(-4).
-8
Let n(i) = -i**3 + 12*i**2 - i + 16. Suppose 5*b - 52 = -2*x, -3*b + 9*x - 14*x + 16 = 0. Calculate n(b).
4
Let z(b) = -b**3 + 39*b**2 - 35*b - 105. Let m be z(38). Let f(d) = -d**2 + 13*d + 1. Calculate f(m).
37
Let r(u) = 143 + 0*u**2 + 6*u - 140 + 0*u**2 + u**2. Give r(-6).
3
Let o(v) = v**3 + v**2 - 2*v + 2. Let x(m) be the first derivative of -1/2*m**2 + 3 + 4*m. Let r be x(7). Determine o(r).
-10
Let v(p) = -2*p**2 - 5*p + 7. Let y = 1215 + -1210. Give v(y).
-68
Let t(d) be the second derivative of 5/2*d**2 - 1/3*d**4 + d - 1/2*d**3 + 0. Let f(q) be the first derivative of t(q). What is f(-2)?
13
Let p(r) = 218*r + 1307. Let j be p(-6). Let m(g) = 6*g**2 + 4*g + 4. Give m(j).
6
Let g(a) = -a**3 - 2*a**2 + 2*a - 1. Let o = 96 - 157. Let p = -59 - o. Determine g(p).
-13
Let v(w) = w**3 + 4 - 3 - 2*w**2 + 2*w + w**2. Suppose -5*u - 4*j + 1 - 11 = 0, 10 = -2*j. What is v(u)?
9
Let d(p) = 8*p + 1. Suppose 4*b - 10 = -b. Suppose 5*a = b*y + 6, a = -5*y - 0*y + 12. Let o(j) = -j**2 + 3*j - 3. Let m be o(a). Calculate d(m).
-7
Let g(d) = -d**3 - d**2 + d + 4. Let b be (-144)/(-14) - (-38)/(-133). Suppose b*f = f. Calculate g(f).
4
Let p(y) = 40*y**3. Let r be -5 - (1/(-2) + 14/(-4)). Calculate p(r).
-40
Let h(q) = -4*q - 2*q**2 - 21 + 4 + 3*q**2 + 12. Determine h(6).
7
Let y = 16 - 16. Suppose -f + 5 + 3 = y. Let i = -12 + f. Let p(o) = o**3 + 5*o**2 + 3*o - 3. Give p(i).
1
Let r(j) = 0*j + 4*j**3 + 0*j - 1. Suppose 5*i - 4*z = 11, 15*i + 3*z + 13 = 14*i. Determine r(i).
-5
Let v(d) = d + 11. Let i be v(-8). Let x(h) be the second derivative of -h**5/20 + h**4/12 + h**3/2 - h + 96. Determine x(i).
-9
Let i(b) = -5*b - 6. Let d(g) = 2*g + 2. Let w be (-26)/4 + 15/(-30). Let y(u) = w*d(u) - 2*i(u). Give y(-3).
10
Suppose -2*w - 5*w = -35. Suppose q = 3 - w, -5*q - 20 = 2*k. Let p(t) = t**2 + 2*t - 3. Give p(k).
12
Let r(f) = -2*f**2 - 11*f + 5. Let b be r(-6). Let q be ((-1 + 2)*b)/(-1). Let n(u) = -u - 1. What is n(q)?
-2
Let p(o) = 2*o - 1. Let y(c) = c**3 + 5*c**2 + 5*c + 6. Let s be y(-4). Let b = s - -3. Suppose 0 = 3*f - m + 5, 9 = -0*f - 2*f - b*m. Calculate p(f).
-5
Let i(z) = 4810*z - 14432*z + 4813*z - 1 + 4810*z. Let n be (2*-1 - -1) + 1. Let j = n + 2. What is i(j)?
1
Let s(a) = 11*a + 8. Let h(p) = -p**3 - 11*p**2 + 63*p - 7. Let y be h(4). Determine s(y).
63
Let s = -3 + 9. Let h = s - 5. Let y(q) = -6 - h - q + 4. What is y(-4)?
1
Suppose 0 = 8*t + 156 - 52. Let s(c) = -c**3 - 14*c**2 - 12*c + 19. Calculate s(t).
6
Suppose -7*r - 4*r = 33. Let u(g) = -2*g + 1. Let i(h) = -4*h**3 + 1. Let w be i(1). Let d(m) = -m. Let j(n) = w*u(n) + 7*d(n). Calculate j(r).
0
Let v(y) = -y + 4. Let u = 43 + -37. Suppose 0 = -4*p - 3*q + 47, 58 = 4*p + 4*q + u. What is v(p)?
-4
Let p(d) = 166*d - 81*d - 84*d - 2. Suppose -2*u - 1 = 5*a + 13, 0 = 2*u - 6. Determine p(a).
-6
Let f(n) = -n**3 - 4*n**2 - 3*n. Let z = -95 - -102. Suppose -3*w = z - 1. Calculate f(w).
-2
Let m(f) = 3*f - 2*f + 2 - 2*f. Give m(0).
2
Suppose 2*m - 10 = -0*m. Let r(q) be the second derivative of q**3/6 - 2*q**2 + 383*q. Calculate r(m).
1
Let x(m) = m**2 - 8*m + 5. Suppose -5*b + 21 = -12*b. Let j be (-2)/(-4)*(-30)/b. Give x(j).
-10
Let u(s) be the second derivative of -s**4/12 - 5*s**3/6 - 45*s. Give u(-5).
0
Let s(i) = i**2 + 3*i - 6. Let t be s(-5). Suppose -4*z = 2*l - 56, l - 21 = -z + t*l. Let g(q) = q + q**2 - 3*q**3 + 2*q**3 - 5*q + 5*q + z. Determine g(0).
15
Suppose -7*q - 28 = 4*a - 8*q, 4*a + 5*q + 52 = 0. Let k(x) = x**3 + 7*x**2 - 4*x + 11. Calculate k(a).
-21
Let u(d) be the second derivative of 1/2*d**3 + 0 + 3/2*d**2 + 1/12*d**4 + 12*d. Determine u(-2).
1
Let q = 272 + -268. Let k(s) be the second derivative of 0*s**2 + 1/6*s**q - 1/6*s**3 + 0 - 3/10*s**5 - 4*s. Calculate k(1).
-5
Let m(d) be the third derivative of d**5/60 - 11*d**3/6 + 26*d**2 - 7*d. Calculate m(5).
14
Let n(p) be the second derivative of p**3/3 + p**2 + 15*p. Let w be n(-2). Let j(l) = l**3 + 2*l**2 + 2*l + 2. Determine j(w).
-2
Let k(h) = h**3 + 5*h**2 + h + 7. Let i(c) = c + 12. Let p be i(-5). Let t = p - 12. Give k(t).
2
Let q(h) = 9*h**2 + 5*h - 2. Let m(a) = -9*a**2 - 6*a + 3. Let g(t) = 3*m(t) + 4*q(t). Calculate g(-1).
8
Let t(u) = -u**3 - u - 1. Let a(f) = -2*f**3 + 11*f**2 + 6*f - 7. Let w(o) = -a(o) + 3*t(o). What is w(-10)?
-6
Suppose s - 3 = 2*s. Let j(i) = i - 7. Let p(n) = -1. Let c = -3 - -4. Let v(f) = c*j(f) - 3*p(f). What is v(s)?
-7
Let o(r) be the second derivative of -r**4/12 + 2*r**3/3 - 3*r**2 + 3*r - 14. Let h = -4 - -3. Let u be (-1 - 5 - -1)/h. Give o(u).
-11
Let x(v) = -7*v**3 + 8*v**2 - 13*v - 8. Let s(y) = 16*y**3 - 16*y**2 + 26*y + 17. Let q(b) = -4*s(b) - 9*x(b). Calculate q(-9).
-32
Let b(n) = 4*n**3 + n**2 - n + 1. Let l be (-5 - 108/(-20)) + 3/5. What is b(l)?
5
Let t(a) = -a. Let c(g) = 7*g - 5. Let r(y) = -15*y + 11. Let l(j) = 9*c(j) + 4*r(j). Let i(n) = -l(n) - 6*t(n). Let h = 1341 - 1339. Calculate i(h).
7
Let t(u) = u. Let n(c) = c. Let j(b) = n(b) - 2*t(b). Let w(r) = -2*r. Let i(q) = j(q) - w(q). What is i(2)?
2
Suppose u = -p - u + 37, -u = -4*p + 112. Suppose -p = 9*o + 7. Let k(v) = -2*v - 5. What is k(o)?
3
Let j(n) = -10*n + 3 - 4 - 17*n + 0*n. Determine j(1).
-28
Let g(m) = -9*m - 1. Let o(d) = -d. Let a be 8/(-10)*(-10)/4. Let r be o(a). What is g(r)?
17
Let i(f) = -f - 6. Let n(k) = k**2 - 4*k + 2. Let u(a) = -a. Let c(d) = -n(d) - 2*u(d). Let j be c(5). Suppose 5*w - 5 = 3*z, -w = j*z + w - 2. Determine i(z).
-6
Let n(c) = 3*c + 7. Let p